 -8987a195 - 7?
-8987a1a1
In base 11, what is -7 + 4600a0a?
4600a03
In base 10, what is 4 - 54725467?
-54725463
In base 4, what is -10100302032200 - 1?
-10100302032201
In base 3, what is 12202210102002 - -10011?
12202210112020
In base 10, what is -717 - -2548?
1831
In base 8, what is -223775 + -13721?
-237716
In base 13, what is -979698 + -2?
-97969a
In base 4, what is -222201 + 200030?
-22111
In base 11, what is -2 - -1a507027?
1a507025
In base 12, what is -20a2 + -3b147?
-41229
In base 13, what is -54bc0b + 1?
-54bc0a
In base 11, what is -902782 - -14?
-902769
In base 13, what is 9b2208 + 8?
9b2213
In base 12, what is 4 - -763b33?
763b37
In base 9, what is 14 + 2010274?
2010288
In base 2, what is -100 - 1101110110110111001100?
-1101110110110111010000
In base 7, what is 1 - 153101035?
-153101034
In base 10, what is 13157747 - 29?
13157718
In base 15, what is 13947c00 - -5?
13947c05
In base 5, what is -34 - -1413320203?
1413320114
In base 6, what is -31031 + 10524?
-20103
In base 6, what is -311213 - 412?
-312025
In base 8, what is -705706151 - 1?
-705706152
In base 13, what is -11a318 + 2?
-11a316
In base 5, what is 11443032122 + 3?
11443032130
In base 16, what is 7 + -3edea9e?
-3edea97
In base 12, what is 1ba535 - 1a?
1ba517
In base 3, what is 100001012 - -220221?
100222010
In base 4, what is 12112223110321 - -21?
12112223111002
In base 3, what is -1111002 + 110120112?
102002110
In base 9, what is -551373 + -363?
-551746
In base 2, what is 101100000 - 101101101100010000?
-101101100110110000
In base 14, what is -1159 - -3084?
1d29
In base 10, what is -2 - 11723230?
-11723232
In base 14, what is -d3 - 4d4c1?
-4d5b4
In base 8, what is 255 - -470435?
470712
In base 14, what is -15b4c343 + 5?
-15b4c33c
In base 5, what is -30 + -124114333?
-124114413
In base 6, what is 255313 - 12112?
243201
In base 16, what is 5aaaa - -30?
5aada
In base 9, what is 5 - 2285712?
-2285706
In base 15, what is 6b31d0b + 1?
6b31d0c
In base 6, what is 20042 + -445122?
-425040
In base 6, what is -134 + -25004011?
-25004145
In base 9, what is -106 + -57345?
-57452
In base 3, what is 1 + 110202122112010?
110202122112011
In base 10, what is 406 - 141875?
-141469
In base 11, what is 24310a + -214?
2429a6
In base 10, what is -6215 - 1610?
-7825
In base 2, what is 101101010110100011 - -111000?
101101010111011011
In base 5, what is -4 + 1402304422?
1402304413
In base 13, what is 0 - -30940c8?
30940c8
In base 13, what is -439a8c - -2a?
-439a62
In base 8, what is 2354 - -476656?
501232
In base 6, what is -3 + -521352315?
-521352322
In base 6, what is -5054133 - 43?
-5054220
In base 10, what is 5308 - -8110?
13418
In base 8, what is -11 + 40156277?
40156266
In base 4, what is -10 - -132010203223?
132010203213
In base 4, what is -2 - -221111101130?
221111101122
In base 10, what is -4375626 - -3?
-4375623
In base 7, what is 355355510 + -10?
355355500
In base 2, what is 10111010100111101000011011011 + 0?
10111010100111101000011011011
In base 16, what is 7e7 + -8918?
-8131
In base 5, what is 1102 + -23440332?
-23434230
In base 12, what is -85 - 560b?
-5694
In base 12, what is -8 + 101095?
101089
In base 12, what is 2340192 + 10?
23401a2
In base 6, what is 5 - 135501041?
-135501032
In base 9, what is 4 + 27247475?
27247480
In base 15, what is 4 - 7bb440?
-7bb43b
In base 11, what is -1a615 + 4?
-1a611
In base 13, what is -4c4 - -1382?
b8b
In base 12, what is 9659 + 706?
a163
In base 14, what is 977 - 4033?
-349a
In base 4, what is -2003211 - 1011212?
-3021023
In base 16, what is -7 - -806d8?
806d1
In base 16, what is 3c44d5 + 13?
3c44e8
In base 7, what is 4 + 13646131?
13646135
In base 9, what is -272 - -1173267?
1172885
In base 7, what is 54441 - 243460?
-156016
In base 8, what is -20017751 - -5?
-20017744
In base 10, what is 282 - 496033?
-495751
In base 10, what is -62538 - -1483?
-61055
In base 2, what is -1100110111111 - -111011001111010?
101110010111011
In base 14, what is -124a1 + -57?
-12518
In base 5, what is -4 + -111330302021?
-111330302030
In base 13, what is 2 - -a8a0?
a8a2
In base 5, what is 13410122114 - 0?
13410122114
In base 6, what is -2200 + 33102?
30502
In base 3, what is -1001120010200 + -11110?
-1001120022010
In base 6, what is 142 - 150132130?
-150131544
In base 16, what is -4d8 - -c4f?
777
In base 16, what is -bb + -2cba2?
-2cc5d
In base 15, what is 3d5b + -ce2?
3069
In base 5, what is -212414402334 + 0?
-212414402334
In base 13, what is 550c66 + -19?
550c4a
In base 6, what is -124 + -20242151?
-20242315
In base 6, what is -1431535341 + -1?
-1431535342
In base 8, what is 2 + 37655613?
37655615
In base 16, what is -8691 - 6da?
-8d6b
In base 16, what is -6 - 3c32b1f?
-3c32b25
In base 8, what is 6062 + -555?
5305
In base 3, what is 12 - -100000101221122110?
100000101221122122
In base 14, what is 29a935 + 0?
29a935
In base 8, what is -113164453 + 0?
-113164453
In base 9, what is -4535 - 456524?
-462160
In base 8, what is -141266572 - 23?
-141266615
In base 5, what is -1231413230 - 3?
-1231413233
In base 12, what is 2a + 76157?
76185
In base 13, what is -12549c3 + 3?
-12549c0
In base 4, what is -101020330233 + 0?
-101020330233
In base 15, what is -bbb6c9 + 27?
-bbb6a2
In base 3, what is -120210010 + -1200021?
-122110101
In base 8, what is 36616 - -22666?
61504
In base 2, what is 11010011100011111100010000111 - 0?
11010011100011111100010000111
In base 6, what is -150220 + 1501?
-144315
In base 13, what is -a - 4345c2?
-4345cc
In base 8, what is 625 + 727666?
730513
In base 6, what is -2141354 + 100?
-2141254
In base 6, what is 4141 + -140503?
-132322
In base 15, what is d5a6 - 264?
d342
In base 3, what is 20021 + 100102021110021?
100102021200112
In base 16, what is 94d3 + -5?
94ce
In base 8, what is 470 + -204056?
-203366
In base 16, what is 0 - 93d14c?
-93d14c
In base 6, what is 1055305 + 1244?
1100553
In base 2, what is 1000100 + -101110101101011110011?
-101110101101010101111
In base 15, what is -1db805c + -2?
-1db805e
In base 15, what is 17a57 - 50b5?
12992
In base 4, what is 10221 + -11021011003?
-11021000122
In base 14, what is -166b6c - 4?
-166b72
In base 10, what is 3940 - -78341?
82281
In base 2, what is -110110000000 + 11111111000111001?
11111000010111001
In base 7, what is 6254411041 + -6?
6254411032
In base 10, what is 629 + -413788?
-413159
In base 10, what is 2 - -16709353?
16709355
In base 3, what is 102002 - 111022021?
-110220012
In base 5, what is 21002302040 + -3?
21002302032
In base 4, what is 0 - 21202313131?
-21202313131
In base 12, what is 50 + 323b22?
323b72
In base 16, what is -714a6 + 478?
-7102e
In base 10, what is 300 + 431599?
431899
In base 6, what is 1304 + -32045350?
-32044042
In base 16, what is 158 - -1505?
165d
In base 2, what is -100100 + -10010011101011100?
-10010011110000000
In base 2, what is 0 - 101010110100001111101?
-101010110100001111101
In base 7, what is 5151400 + -1333?
5150034
In base 4, what is 2221103203 + -12203?
2221031000
In base 9, what is -6484 - 3586?
-11181
In base 15, what is e3419 + 172?
e358b
In base 6, what is -1131042133 - 3?
-1131042140
In base 7, what is -3235 + 161415?
155150
In base 15, what is c2626 - 5d?
c25b8
In base 16, what is 1 - -131cda0?
131cda1
In base 8, what is -16456553 - 114?
-16456667
In base 2, what is 1000100100010000110010010 + 100?
1000100100010000110010110
In base 15, what is 3d + -206010?
-205ec2
In base 7, what is 10535522 + -56?
10535433
In base 3, what is 10121012 - -101000212?
111122001
In base 12, what is 52336 - 22?
52314
In base 6, what is 4 - 30220250?
-30220242
In base 9, what is 130560 + -242?
130317
In base 4, what is -11022213003131 - 2?
-11022213003133
In base 4, what is -2 - -1112233020?
1112233012
In base 9, what is -3215 - -34076?
30761
In base 10, what is 21681 - -6721?
28402
In base 16, what is 1 + -12c920?
-12c91f
In base 6, what is 320 - -1142122?
1142442
In base 13, what is -1 - -3871042?
3871041
In base 12, what is -22539 - -796?
-21963
In base 2, what is -1001101 + -10010010101010101100010?
-10010010101010110101111
In base 4, what is 3111333110023 + 2?
3111333110031
In base 10, what is -656 - -139774?
139118
In base 15, what is 121 - 8b87?
-8a66
In base 10, what is -59449 + -35?
-59484
In base 6, what is 255112522 - -325?
255113251
In base 15, what is 3 + -167